{"id":3996,"date":"2025-11-17T12:34:31","date_gmt":"2025-11-17T15:34:31","guid":{"rendered":"https:\/\/lucchesidolabela.com.br\/site\/?page_id=3996"},"modified":"2025-11-17T18:54:39","modified_gmt":"2025-11-17T21:54:39","slug":"modelo-de-contrato-de-compra-e-venda-de-imovel-em-inventario","status":"publish","type":"page","link":"https:\/\/lucchesidolabela.com.br\/site\/modelo-de-contrato-de-compra-e-venda-de-imovel-em-inventario\/","title":{"rendered":"Modelo de Contrato de Compra e venda de im\u00f3vel em invent\u00e1rio"},"content":{"rendered":"<div class=\"wpb-content-wrapper\"><p>[vc_row el_class=&#8221;contact-page&#8221; css=&#8221;.vc_custom_1763416257807{margin-top: 20px !important;border-top-width: 0px !important;padding-top: 0px !important;}&#8221;][vc_column css=&#8221;.vc_custom_1763411068555{margin-top: 0px !important;border-top-width: 0px !important;padding-top: 0px !important;background-color: #FFFFFF !important;}&#8221;][vc_column_text css=&#8221;.vc_custom_1763411227246{padding-top: 30px !important;padding-right: 50px !important;padding-bottom: 50px !important;padding-left: 50px !important;background-color: #E23A43 !important;}&#8221;]<\/p>\n<h2><span style=\"color: #f0f0f0; font-size: 24px;\">Comprar ou vender um im\u00f3vel em invent\u00e1rio pode ser uma excelente oportunidade, mas tamb\u00e9m envolve riscos que podem atrasar ou at\u00e9 invalidar a transa\u00e7\u00e3o.<\/span><\/h2>\n<p><span style=\"color: #f0f0f0; font-size: 18px;\">Para ajudar voc\u00ea a conduzir esse processo com mais tranquilidade, nossa equipe preparou um Modelo Contrato de Compra e venda de im\u00f3vel em invent\u00e1rio<strong data-start=\"508\" data-end=\"552\">\u00a0completo e atualizado<\/strong>, com base nas melhores pr\u00e1ticas do Direito Imobili\u00e1rio e Sucess\u00f3rio.<\/span><\/p>\n<p><span style=\"color: #f0f0f0; font-size: 18px;\"><strong data-start=\"1139\" data-end=\"1225\">Preencha os dados a seguir e baixe gratuitamente o modelo para negociar com clareza, seguran\u00e7a e previsibilidade<\/strong>:<\/span>[\/vc_column_text][vc_row_inner css=&#8221;.vc_custom_1763416327821{margin-top: 0px !important;margin-right: 0px !important;margin-bottom: 0px !important;margin-left: 0px !important;border-top-width: 0px !important;border-right-width: 0px !important;border-bottom-width: 0px !important;border-left-width: 0px !important;padding-top: 0px !important;padding-right: 0px !important;padding-bottom: 0px !important;padding-left: 0px !important;}&#8221;][vc_column_inner width=&#8221;1\/2&#8243; css=&#8221;.vc_custom_1763416301708{margin-top: 0px !important;padding-top: 60px !important;padding-bottom: 0px !important;background-color: #F0F0F0 !important;}&#8221;]\n<div class=\"wpcf7 no-js\" id=\"wpcf7-f3995-o1\" lang=\"pt-BR\" dir=\"ltr\" data-wpcf7-id=\"3995\">\n<div class=\"screen-reader-response\"><p role=\"status\" aria-live=\"polite\" aria-atomic=\"true\"><\/p> <ul><\/ul><\/div>\n<form action=\"\/site\/wp-json\/wp\/v2\/pages\/3996#wpcf7-f3995-o1\" method=\"post\" class=\"wpcf7-form init\" aria-label=\"Formul\u00e1rios de contato\" novalidate=\"novalidate\" data-status=\"init\">\n<fieldset class=\"hidden-fields-container\"><input type=\"hidden\" name=\"_wpcf7\" value=\"3995\" \/><input type=\"hidden\" name=\"_wpcf7_version\" value=\"6.1.5\" \/><input type=\"hidden\" name=\"_wpcf7_locale\" value=\"pt_BR\" \/><input type=\"hidden\" name=\"_wpcf7_unit_tag\" value=\"wpcf7-f3995-o1\" \/><input type=\"hidden\" name=\"_wpcf7_container_post\" value=\"0\" \/><input type=\"hidden\" name=\"_wpcf7_posted_data_hash\" value=\"\" \/>\n<\/fieldset>\n<div class=\"contactpage contact-form\">\n\t<p><label class=\"input-label\">Nome:*<\/label><span class=\"wpcf7-form-control-wrap\" data-name=\"your-name\"><input size=\"40\" maxlength=\"400\" class=\"wpcf7-form-control wpcf7-text wpcf7-validates-as-required tt_input\" aria-required=\"true\" aria-invalid=\"false\" value=\"\" type=\"text\" name=\"your-name\" \/><\/span><br \/>\n<label class=\"input-label\">E-mail:*<\/label><span class=\"wpcf7-form-control-wrap\" data-name=\"your-email\"><input size=\"40\" maxlength=\"400\" class=\"wpcf7-form-control wpcf7-email wpcf7-validates-as-required wpcf7-text wpcf7-validates-as-email tt_input\" aria-required=\"true\" aria-invalid=\"false\" value=\"\" type=\"email\" name=\"your-email\" \/><\/span><br \/>\n<label class=\"input-label\">Telefone\/WhatsApp*:<\/label><span class=\"wpcf7-form-control-wrap\" data-name=\"tel-423\"><input size=\"40\" maxlength=\"400\" class=\"wpcf7-form-control wpcf7-tel wpcf7-validates-as-required wpcf7-text wpcf7-validates-as-tel tt_input\" aria-required=\"true\" aria-invalid=\"false\" value=\"\" type=\"tel\" name=\"tel-423\" \/><\/span><br \/>\n<label class=\"input-label\">*Ao baixar o conte\u00fado solicitado, aceito ser contatado pela equipe do escrit\u00f3rio pelos meios de comunica\u00e7\u00e3o informados.<\/label><br \/>\n<input class=\"wpcf7-form-control wpcf7-submit has-spinner tt_submit\" type=\"submit\" value=\"Baixar modelo\" \/>\n\t<\/p>\n<\/div><div class=\"wpcf7-response-output\" aria-hidden=\"true\"><\/div>\n<\/form>\n<\/div>\n[\/vc_column_inner][vc_column_inner width=&#8221;1\/2&#8243; css=&#8221;.vc_custom_1763410045751{margin-bottom: 0px !important;margin-left: 0px !important;border-bottom-width: 0px !important;padding-bottom: 0px !important;padding-left: 50px !important;background-color: #FFFFFF !important;}&#8221;][vc_empty_space][vc_column_text css=&#8221;.vc_custom_1763409933743{margin-bottom: 0px !important;border-bottom-width: 0px !important;padding-bottom: 0px !important;}&#8221;]<\/p>\n<h4 class=\"tt-title\">Para quem este material \u00e9 ideal?<\/h4>\n<ul>\n<li>Fam\u00edlias que precisam de liquidez durante o invent\u00e1rio;<\/li>\n<li>Herdeiros que desejam vender com seguran\u00e7a;<\/li>\n<li>Compradores e investidores que querem reduzir riscos.<\/li>\n<\/ul>\n<p>&nbsp;<\/p>\n<hr \/>\n<p>&nbsp;<\/p>\n<h4>Por que baixar?<\/h4>\n<p>Evite problemas como:<\/p>\n<ul>\n<li>Risco de anula\u00e7\u00e3o da venda<\/li>\n<li>Falta de concord\u00e2nca entre herdeiros<\/li>\n<li>Pend\u00eancias no invent\u00e1rio<\/li>\n<li>D\u00edvidas ou \u00f4nus ocultos<\/li>\n<li>Atrasos no registro da propriedade<\/li>\n<\/ul>\n<p>[\/vc_column_text][vc_empty_space][vc_empty_space][vc_empty_space][\/vc_column_inner][\/vc_row_inner][\/vc_column][vc_column][\/vc_column][\/vc_row]<\/p>\n<\/div>","protected":false},"excerpt":{"rendered":"<p>[vc_row el_class=&#8221;contact-page&#8221; css=&#8221;.vc_custom_1763416257807{margin-top: 20px !important;border-top-width: 0px !important;padding-top: 0px !important;}&#8221;][vc_column css=&#8221;.vc_custom_1763411068555{margin-top: 0px !important;border-top-width: 0px !important;padding-top: 0px !important;background-color: #FFFFFF !important;}&#8221;][vc_column_text css=&#8221;.vc_custom_1763411227246{padding-top: 30px !important;padding-right: 50px !important;padding-bottom: 50px !important;padding-left: 50px !important;background-color: #E23A43 !important;}&#8221;] Comprar ou vender um im\u00f3vel em invent\u00e1rio pode ser uma excelente oportunidade, mas tamb\u00e9m envolve riscos que podem atrasar ou at\u00e9 invalidar a transa\u00e7\u00e3o. Para ajudar [&hellip;]<\/p>\n","protected":false},"author":11,"featured_media":0,"parent":0,"menu_order":0,"comment_status":"closed","ping_status":"closed","template":"","meta":{"footnotes":""},"class_list":["post-3996","page","type-page","status-publish","hentry"],"_links":{"self":[{"href":"https:\/\/lucchesidolabela.com.br\/site\/wp-json\/wp\/v2\/pages\/3996","targetHints":{"allow":["GET"]}}],"collection":[{"href":"https:\/\/lucchesidolabela.com.br\/site\/wp-json\/wp\/v2\/pages"}],"about":[{"href":"https:\/\/lucchesidolabela.com.br\/site\/wp-json\/wp\/v2\/types\/page"}],"author":[{"embeddable":true,"href":"https:\/\/lucchesidolabela.com.br\/site\/wp-json\/wp\/v2\/users\/11"}],"replies":[{"embeddable":true,"href":"https:\/\/lucchesidolabela.com.br\/site\/wp-json\/wp\/v2\/comments?post=3996"}],"version-history":[{"count":11,"href":"https:\/\/lucchesidolabela.com.br\/site\/wp-json\/wp\/v2\/pages\/3996\/revisions"}],"predecessor-version":[{"id":4014,"href":"https:\/\/lucchesidolabela.com.br\/site\/wp-json\/wp\/v2\/pages\/3996\/revisions\/4014"}],"wp:attachment":[{"href":"https:\/\/lucchesidolabela.com.br\/site\/wp-json\/wp\/v2\/media?parent=3996"}],"curies":[{"name":"wp","href":"https:\/\/api.w.org\/{rel}","templated":true}]}}